{"id":14938,"date":"2020-07-02T08:14:17","date_gmt":"2020-07-02T08:14:17","guid":{"rendered":"http:\/\/alberto-gil.com\/?page_id=14938"},"modified":"2020-07-02T08:35:33","modified_gmt":"2020-07-02T08:35:33","slug":"politica-de-cookies","status":"publish","type":"page","link":"https:\/\/alberto-gil.com\/?page_id=14938","title":{"rendered":"Pol\u00edtica de cookies"},"content":{"rendered":"<p>En la mayor\u00eda de las p\u00e1ginas web se utilizan cookies para facilitar la navegaci\u00f3n al usuario y en <strong>ALBERTO GIL LANDEIRA <\/strong>tambi\u00e9n lo hacemos.<\/p>\n<p>&nbsp;<\/p>\n<h4><strong>\u00bfQu\u00e9 es una<\/strong><strong> Cookie?<\/strong><\/h4>\n<p>Una cookie es un peque\u00f1o archivo de texto que se introduce en tu ordenador la primera vez que visitas la p\u00e1gina. En cada ordenador hay una carpeta destinada a guardar todas las Cookies que se van introduciendo. No puede haber virus en una Cookie.<\/p>\n<p>&nbsp;<\/p>\n<h4><strong>\u00bfPara qu\u00e9 sirven?<\/strong><\/h4>\n<p>Sirven para que cuando vuelvas a entrar en la web podamos ofrecerte la informaci\u00f3n que m\u00e1s te interesa, ya que guarda informaci\u00f3n sobre un usuario.<\/p>\n<p>&nbsp;<\/p>\n<h4><strong>\u00bfQui\u00e9n usa la informaci\u00f3n almacenada en las Cookies?<\/strong><\/h4>\n<p>La informaci\u00f3n almacenada en las Cookies de la web de la entidad, es usada exclusivamente por la entidad. Tambi\u00e9n puede hacer uso a Google Analytics.<\/p>\n<p>&nbsp;<\/p>\n<h4><strong>\u00bfC\u00f3mo puedo desactivar el uso de las Cookies?<\/strong><\/h4>\n<p>Puede borrar o bloquear las Cookies modificando la configuraci\u00f3n de su navegador. Seg\u00fan el navegador que est\u00e9s usando, esta opci\u00f3n se encuentra en diferentes men\u00fas, pero normalmente se incluye en el men\u00fa \u201cPreferencias\u201d o \u201cHerramientas\u201d. Para m\u00e1s detalles sobre la configuraci\u00f3n de las Cookies de su navegador, consulte su men\u00fa \u201cAyuda\u201d.<\/p>\n<p>&nbsp;<\/p>\n<p>Para m\u00e1s informaci\u00f3n sobre el navegador Explorer:<\/p>\n<ul>\n<li><strong>Internet Explorer<\/strong>: <a href=\"http:\/\/windows.microsoft.com\/es-xl\/internet-explorer\/delete-manage-cookies#ie=\u201die-10\">http:\/\/windows.microsoft.com\/es-xl\/internet-explorer\/delete-manage-cookies#ie=\u201die-10<\/a><\/li>\n<\/ul>\n<p>Para m\u00e1s informaci\u00f3n sobre el navegador Firefox:<\/p>\n<ul>\n<li><strong>FireFox:<\/strong> <a href=\"http:\/\/support.mozilla.org\/es\/kb\/Borrar%20cookies\">http:\/\/support.mozilla.org\/es\/kb\/Borrar%20cookies<\/a><\/li>\n<\/ul>\n<p>Para m\u00e1s informaci\u00f3n sobre el navegador Chrome:<\/p>\n<ul>\n<li><strong>Chrome:<\/strong> <a href=\"http:\/\/support.google.com\/chrome\/answer\/95647?hl=\u201des\">http:\/\/support.google.com\/chrome\/answer\/95647?hl=\u201des<\/a><\/li>\n<\/ul>\n<p>Para m\u00e1s informaci\u00f3n sobre el navegador Safari:<\/p>\n<ul>\n<li><strong>Safari:<\/strong> <a href=\"http:\/\/www.apple.com\/es\/privacy\/use-of-cookies\/\">apple.com\/es\/privacy\/use-of-cookies\/<\/a><\/li>\n<\/ul>\n<p>&nbsp;<\/p>\n<p>&nbsp;<\/p>\n<h4><strong>Tipos de cookies<\/strong><\/h4>\n<p>&nbsp;<\/p>\n<p>www.alberto-gil.com \u00a0\u00a0emplea cookies propias y cookies de terceros, pudiendo tratarse de cookies de sesi\u00f3n o cookies persistentes.<\/p>\n<p>El uso de estas Cookies nos permite optimizar tu navegaci\u00f3n, adaptando la informaci\u00f3n y los servicios ofrecidos a tus intereses, para proporcionarte una experiencia m\u00e1s \u00e1gil e intuitiva.<\/p>\n<p>Las Cookies se asocian \u00fanicamente a un usuario an\u00f3nimo y su ordenador\/dispositivo y no proporcionan referencias que permitan conocer datos personales.<\/p>\n<p>&nbsp;<\/p>\n<p>&nbsp;<\/p>\n<h4><strong>Cookies propias:<\/strong><\/h4>\n<p>&nbsp;<\/p>\n<p><strong>wp-settings-time-1, wp-settings-1.\u00a0<\/strong>Estas cookies son utilizadas por WordPress para personalizar la Interfaz de Usuario. Caducan al finalizar la sesi\u00f3n.<\/p>\n<p>&nbsp;<\/p>\n<p><strong>cookie_notice_accepted:<\/strong> Esta cookie recuerda si se ha aceptado el mensaje de aviso sobre cookies para dejar de mostrarlo durante el tiempo en que est\u00e9 activa. Tiene una duraci\u00f3n de 1 mes.<\/p>\n<p>&nbsp;<\/p>\n<p>&nbsp;<\/p>\n<h4><strong>Cookies de terceros:<\/strong><\/h4>\n<p>&nbsp;<\/p>\n<p>www.alberto-gil.com \u00a0\u00a0utiliza Google Analytics, un servicio de anal\u00edtica web desarrollado por Google Inc., que permite la medici\u00f3n y an\u00e1lisis de la navegaci\u00f3n en las p\u00e1ginas web. Las cookies utilizadas por Google Analytics para control estad\u00edstico de accesos son:<\/p>\n<p><strong>_utma:<\/strong> Es el identificador de visitantes. Guarda informaci\u00f3n relativa a la sesi\u00f3n y tiene una caducidad de dos a\u00f1os a partir de su creaci\u00f3n.<\/p>\n<p><strong>_utmb:<\/strong> Se utiliza para conocer el tiempo que pasa el usuario en nuestra p\u00e1gina web y el n\u00famero de p\u00e1ginas que visita. Esta cookie expira a los 30 minutos.<\/p>\n<p><strong>_utmc:<\/strong> Esta cookie se utiliza de forma conjunta con __utmb para determinar si se establece una nueva sesi\u00f3n para el usuario. Esta cookie expira cuando se cierra el navegador.<\/p>\n<p><strong>_utmt:<\/strong> Esta\u00a0cookie\u00a0se utiliza para procesar el tipo de solicitud pedida por el usuario. Caduca al finalizar la sesi\u00f3n.<\/p>\n<p><strong>_utmz:<\/strong> Esta cookie se utiliza para realizar la atribuci\u00f3n de la visita, es decir, desde d\u00f3nde y c\u00f3mo ha llegado el usuario a nuestra web. Tiene una duraci\u00f3n de 6 meses.<\/p>\n<p>Puedes encontrar m\u00e1s informaci\u00f3n al respecto e inhabilitar el uso de estas cookies: <a href=\"http:\/\/www.google.com\/policies\/privacy\/\">www.google.com\/policies\/privacy\/<\/a><\/p>\n<p>&nbsp;<\/p>\n<p>&nbsp;<\/p>\n<h4><strong>Consentimiento<\/strong><\/h4>\n<p>&nbsp;<\/p>\n<p>Al navegar y continuar en nuestra p\u00e1gina web consientes el uso de las cookies descritas en las condiciones expresadas.<\/p>\n<p>&nbsp;<\/p>\n<p>&nbsp;<\/p>\n<h4><strong>DETALLE EN RELACI\u00d3N A GOOGLE ANALYTICS<\/strong><\/h4>\n<p>&nbsp;<\/p>\n<p>www.alberto-gil.com \u00a0\u00a0utiliza Google Analytics, un servicio de an\u00e1lisis web de Google Inc. (Google). Google Analytics utiliza cookies, archivos de texto que se almacenan en su ordenador y nos ayudan a analizar el uso del sitio web. La informaci\u00f3n relativa al uso de este sitio web que genera la cookie se transfiere a un servidor de Google en los EE.UU., donde se almacena. Google utilizar\u00e1 esta informaci\u00f3n para tres prop\u00f3sitos: para evaluar el uso del sitio web; para compilar informes sobre las actividades del website y, para ofrecer otros servicios relacionados con el uso del sitio web e Internet. Google podr\u00e1 transmitir dicha informaci\u00f3n a terceros, si esto est\u00e1 legalmente prescrito o si dichos terceros procesan estos datos en nombre de Google. Bajo ninguna circunstancia Google vincula su direcci\u00f3n IP con otros datos de Google. <strong>Google Inc. es una empresa adherida al Acuerdo de Puerto Seguro.<\/strong> Este acuerdo garantiza que los datos transferidos ser\u00e1n tratados con un nivel de protecci\u00f3n acorde a la normativa europea. Puede impedir la instalaci\u00f3n de las cookies modificando la configuraci\u00f3n apropiada de su navegador. Sin embargo, nos gustar\u00eda se\u00f1alar que en tal caso puede no ser capaz de utilizar todas las funciones del sitio. Mediante el uso de este sitio web, usted expresa autom\u00e1ticamente su consentimiento para que los datos recogidos por Google sean procesados en la forma y con el prop\u00f3sito descrito anteriormente. En caso de que deshabilite el uso de cookies de Google Analytics para este sitio web, se grabar\u00e1 una cookie adicional al efecto que ser\u00e1 almacenada en su ordenador.<\/p>\n<p>&nbsp;<\/p>\n<p>&nbsp;<\/p>\n<h4><strong>LEY APLICABLE Y JURISDICCI\u00d3N<\/strong><\/h4>\n<p>&nbsp;<\/p>\n<p>Para la resoluci\u00f3n de todas las controversias o cuestiones relacionadas con el presente sitio web o de las actividades en \u00e9l desarrolladas, ser\u00e1 de aplicaci\u00f3n la legislaci\u00f3n espa\u00f1ola, a la que se someten expresamente las partes, siendo competentes para la resoluci\u00f3n de los conflictos derivados o relacionados con su uso los Juzgados y Tribunales del lugar, salvo para en caso de aplicaci\u00f3n de la normativa espec\u00edfica en materia de protecci\u00f3n de consumidores y usuarios.<\/p>\n<p>&nbsp;<\/p>\n","protected":false},"excerpt":{"rendered":"<p>En la mayor\u00eda de las p\u00e1ginas web se utilizan cookies para facilitar la navegaci\u00f3n al usuario y en ALBERTO GIL LANDEIRA tambi\u00e9n lo hacemos. &nbsp; \u00bfQu\u00e9 es una Cookie? Una cookie es un peque\u00f1o archivo de texto que se introduce en tu ordenador la primera&#8230;<\/p>\n","protected":false},"author":3,"featured_media":0,"parent":0,"menu_order":0,"comment_status":"closed","ping_status":"closed","template":"","meta":{"footnotes":""},"class_list":["post-14938","page","type-page","status-publish","hentry"],"aioseo_notices":[],"_links":{"self":[{"href":"https:\/\/alberto-gil.com\/index.php?rest_route=\/wp\/v2\/pages\/14938"}],"collection":[{"href":"https:\/\/alberto-gil.com\/index.php?rest_route=\/wp\/v2\/pages"}],"about":[{"href":"https:\/\/alberto-gil.com\/index.php?rest_route=\/wp\/v2\/types\/page"}],"author":[{"embeddable":true,"href":"https:\/\/alberto-gil.com\/index.php?rest_route=\/wp\/v2\/users\/3"}],"replies":[{"embeddable":true,"href":"https:\/\/alberto-gil.com\/index.php?rest_route=%2Fwp%2Fv2%2Fcomments&post=14938"}],"version-history":[{"count":4,"href":"https:\/\/alberto-gil.com\/index.php?rest_route=\/wp\/v2\/pages\/14938\/revisions"}],"predecessor-version":[{"id":14948,"href":"https:\/\/alberto-gil.com\/index.php?rest_route=\/wp\/v2\/pages\/14938\/revisions\/14948"}],"wp:attachment":[{"href":"https:\/\/alberto-gil.com\/index.php?rest_route=%2Fwp%2Fv2%2Fmedia&parent=14938"}],"curies":[{"name":"wp","href":"https:\/\/api.w.org\/{rel}","templated":true}]}}